 + 4*i + 197 = 23. What is the remainder when b is divided by 16?
15
Suppose -3*p + 5*p = 0. Suppose p*f - 3*f = 0. Let z = 10 - f. What is the remainder when z is divided by 6?
4
Suppose -v + 1 - 2 = 0. Let r be 3284/12 - v/3. Suppose s - 54 = 4*x, 3*x - r + 1 = -4*s. Calculate the remainder when s is divided by 17.
15
Let x(w) = 3*w**2 + 24*w + 4. Suppose 5*s = -y - 23, -4 - 1 = y - s. Calculate the remainder when 6 is divided by x(y).
2
Suppose -434 = -4*y - 218. What is the remainder when 375 is divided by y?
51
Suppose -96*o + 10*o = -o - 2380. Suppose -5*h - 5*a + 11 + 19 = 0, 4*h - 24 = -2*a. Calculate the remainder when o is divided by h.
4
Let v(q) = -q**3 + 6*q**2 + 7*q + 11. Let t be v(7). Suppose -r + t*r - 120 = 0. What is the remainder when 69 is divided by r?
9
Let p = 253 + -142. Let b = p - 8. Calculate the remainder when b is divided by 21.
19
Suppose 88*l - 86*l - 72 = 2*j, 2*l - 92 = -3*j. Calculate the remainder when 160 is divided by l.
0
Calculate the remainder when 331 is divided by (1/(-2))/(3*3/(-1206)).
63
Let q be 5*6/30*3. Suppose x + q = 7, 4*p - 2*x = 76. Calculate the remainder when (-5 - -1)*164/(-16) is divided by p.
20
Let x = -1258 + 1309. What is the remainder when 92 is divided by x?
41
Let c = 1147 - 1055. What is the remainder when c is divided by 39?
14
Let z = 14 + -12. Let g(d) = 15*d**2 - 2*d + 1. Suppose -2*a + 79 = 5*j, 2*j - a - 26 = a. Calculate the remainder when g(z) is divided by j.
12
Let z = 32 + -18. Suppose 0 = h + 2*g - 48, -16*h + 2*g = -15*h - 60. What is the remainder when h is divided by z?
12
Let j(a) = -30*a + 11. Let i(h) = -15*h + 6. Suppose -5 + 21 = 4*p. Let d(y) = p*j(y) - 7*i(y). What is the remainder when d(-7) is divided by 27?
26
Let y(d) = 7 - 3*d + 0 - 3*d + 4*d. What is the remainder when y(-3) is divided by -2*4/((-16)/10)?
3
Suppose 18 = -3*j - 0. Let r = -1 - j. Suppose -r*w = -4*u - 70, -6*w + w + u + 85 = 0. Calculate the remainder when 70 is divided by w.
16
Suppose z - 14 = 2*z + 3*j, -4*j = -2*z - 78. Let i = -20 - z. Calculate the remainder when 33 is divided by i.
6
Let x = -6 - -97. Calculate the remainder when x is divided by 33.
25
Suppose -12*y + 3*y = -360. What is the remainder when 197 is divided by y?
37
Let k(a) = -2*a + 28. Let b be k(6). Suppose 0 = -5*n - b + 56. What is the remainder when 31 is divided by n?
7
Suppose 0 = -3*r + 5*r - 60. Suppose h - 7*h + r = 0. Calculate the remainder when 7 is divided by h.
2
Let x(q) = -q - 6. Let a be x(0). Calculate the remainder when (-7*(-2 + (-20)/(-5)))/(-2) is divided by 3/a*-8 + -2.
1
Suppose -336*m + 341*m = 110. What is the remainder when 240 is divided by m?
20
Let n = 326 + -262. What is the remainder when 383 is divided by n?
63
Let j(f) = f + 10. Let c be j(-6). Let g be 108/24 + (-6)/c. Suppose 5*i + 41 = g*q, q - i - 15 = -2. What is the remainder when 22 is divided by q?
10
Suppose -27*z = -23*z - 164. Calculate the remainder when z is divided by 11.
8
Suppose 2*i - 242 = -9*i. What is the remainder when i is divided by 13?
9
Let k = -1231 - -1392. Calculate the remainder when k is divided by 29.
16
Let o be 2 - (-30)/25*5/(-2). Calculate the remainder when 61 is divided by 2/(-122*o/(-42) + 3).
19
Let g(x) = x**2 + 10*x - 17. Suppose -125 = -5*f + 5*b, 3*f = b + 57 + 20. Calculate the remainder when g(7) is divided by f.
24
Let p = -18 - -22. Suppose p*f = -5*v + 264, 45 = -f + 3*v + 128. Let b = -24 - -48. What is the remainder when f is divided by b?
23
Let u be (-27)/(-6)*(2 + -6). What is the remainder when (-35)/(-28)*16*1 is divided by (-194)/u + (-26)/(-117)?
9
Let t(x) = -11*x - 42. Calculate the remainder when t(-9) is divided by ((-20)/(-2))/(4/6).
12
Let f = -29 - -61. Let o = 223 + -166. Let y = o + -46. What is the remainder when f is divided by y?
10
Let q = 8456 - 8446. What is the remainder when (-1 - 0)/((-2)/70) is divided by q?
5
Let q be -4 + (-4 - -4) - 37. Let m = -29 - q. Suppose -2*s + m = -5*s, 5*s - 40 = -4*u. Calculate the remainder when 87 is divided by u.
12
Let q(g) = g**2 + 12*g - 25. Suppose -4*m = n - 3*n - 36, 3*m = -2*n - 22. What is the remainder when 22 is divided by q(n)?
1
Let h(i) = i**2 - 4*i + 4. Let z be h(4). Suppose -u + 5*o + 36 = 0, -2*u + 5*o - z*o + 27 = 0. Calculate the remainder when 1/(-5) + 422/10 is divided by u.
9
Let k be (-18)/(-10) + (-2)/(-10). Calculate the remainder when ((-8)/(-24))/(2/522) is divided by (5/k + -3)*-60.
27
Suppose b = 3*z, -z + 6*z + 17 = -4*b. Suppose 10 = 2*c, -4*u + 100 = 73*c - 77*c. What is the remainder when u is divided by 9 - 2/(1 - z)?
6
Let t(c) = -8*c**3 + c**2 + 2*c - 1. Let p = 370 + -354. What is the remainder when t(-2) is divided by p?
15
Let f(y) = -20*y - 75. What is the remainder when f(-6) is divided by 10?
5
Calculate the remainder when ((-9)/18)/(4/(-1016)) is divided by 62.
3
Let w(k) = 11 + 14 + 1 - 3 - k. Suppose 3*x - 90 = 24. What is the remainder when x is divided by w(10)?
12
Let w(z) = z**3 - 6*z**2 + 4*z + 2. Let q be w(5). What is the remainder when 13 is divided by ((-4)/q)/((-2)/(-12))?
5
Suppose k - 6*k = 3*r - 62, -3*r + 70 = k. Let l = -122 - -98. Let i = l + 93. What is the remainder when i is divided by r?
21
Let j = -15 - -14. Calculate the remainder when 101 is divided by (-312)/(-6)*j/(-2).
23
Calculate the remainder when 276 is divided by ((-2070)/(-4))/9 + 2/(-4).
48
What is the remainder when 55 is divided by (-28)/63 - (-139)/9?
10
What is the remainder when 17 + -16 - -86*(-2 + 3) is divided by 21?
3
Let w = -46 - -79. What is the remainder when (-244)/(-16)*4 + 3 is divided by w?
31
Suppose 4*l = p - 3*p + 8, -12 = -3*p + l. Suppose 0 = -4*n - 4*k - 17 + 77, 2*n = -p*k + 30. Calculate the remainder when n is divided by 4.
3
Suppose -143*g = -245*g + 11934. Let a = -4 - -9. What is the remainder when g is divided by (1 - a)/(4/(-30))?
27
Let v = 3 + 49. Suppose -b - 18 + v = 0. What is the remainder when 167 is divided by b?
31
Calculate the remainder when 201 + 1 - -5 - -2 is divided by 27.
20
Let a(h) = 38*h**2 - 4*h + 4. What is the remainder when a(1) is divided by 15?
8
Let s = 11 + -7. Suppose -2*t - s*n = -36, 0 = -3*t + 2*n - 0*n + 38. What is the remainder when t is divided by 5?
4
Let i(z) = z**3 - 41*z**2 - 36*z + 18. Calculate the remainder when i(42) is divided by 12.
6
What is the remainder when 163 + ((9*-5)/(-5) - 4) is divided by 57?
54
Let q = 8 + -3. Let t(b) = -18*b + 7. Let u be t(1). Calculate the remainder when 0 + 3 - (u - -2) is divided by q.
2
Suppose -82*k + 408 = 76*k - 141*k. Let i = -2 - -5. Calculate the remainder when k is divided by i.
0
Calculate the remainder when 71 is divided by (-21)/35 + (93/5 - -1).
14
Let s(k) = -k**3 + 12*k**2 + 45*k + 29. Suppose 36 = 4*l - 0*l - u, 3*l = 5*u + 10. What is the remainder when s(15) is divided by l?
9
Let p = -88 + 105. Let n(u) = -u**2 - 9*u. Let h be n(-8). Let d = h + 2. Calculate the remainder when p is divided by d.
7
Let z = 25 - 11. Suppose -9*h + z*h = 150. Calculate the remainder when 118 is divided by h.
28
Let d(s) be the second derivative of s**4/12 - 2*s**3/3 + 8*s**2 + 38*s. Calculate the remainder when 23 is divided by d(4).
7
Calculate the remainder when 448 is divided by (-2)/(-7) + 61028/532.
103
Suppose -6*w = -93 - 39. Let r = 10 + -12. Calculate the remainder when (-3 - 9/r)*42 is divided by w.
19
Let x = -12 + 14. Suppose 4*h + z = -x*z - 34, 0 = -h - 5*z. Calculate the remainder when 11 is divided by -12*(h/4)/5.
5
Let h be (27/12)/(-3)*(-392)/21. Suppose -3*c + 0*c - 120 = 0. Calculate the remainder when 25 is divided by (c/h)/((-2)/7).
5
Let x(q) = q**3 + 11*q**2 + 7*q - 36. Calculate the remainder when x(-5) is divided by 27.
25
Suppose -20 = 11*p - 273. What is the remainder when 69 is divided by p?
0
Suppose -16 = 3*s - 11*s. What is the remainder when ((-3)/s)/((-2)/8) is divided by 5?
1
Let a(l) = -4*l**2 - 22*l - 7. Let x be a(-5). Suppose -2*v + 6*v = -x*b + 69, -2*b + 88 = 5*v. What is the remainder when 84 is divided by v?
12
Suppose 5*p = -14*p + 2375. What is the remainder when p is divided by 21?
20
Let b(u) = -2*u**3 + 17*u**2 + 7*u - 22. Calculate the remainder when b(8) is divided by 25.
23
Suppose p - 5*w = 4*p - 247, w = 2*p - 156. Calculate the rema